{"id":2212,"date":"2023-01-10T11:59:45","date_gmt":"2023-01-10T11:59:45","guid":{"rendered":"https:\/\/www.tankreds.com\/?post_type=product&#038;p=2212"},"modified":"2023-10-01T17:57:16","modified_gmt":"2023-10-01T17:57:16","slug":"voucher-na-sesje-portretowa-kobieca-kopia","status":"publish","type":"product","link":"https:\/\/www.tankreds.com\/?product=voucher-na-sesje-portretowa-kobieca-kopia","title":{"rendered":"VOUCHER NA SESJE KOBIEC\u0104"},"content":{"rendered":"<h1><mark class=\"has-inline-color\">Sesja kobieca<\/mark><\/h1>\n<figure class=\"wp-block-pullquote alignwide has-text-align-center\">\n<blockquote><p>Sesja kobieca realizowana jest na wiele sposob\u00f3w i pomys\u0142\u00f3w. Miejscem do takiej sesji mo\u017ce by\u0107 zar\u00f3wno studio, plener, dom czy apartament. To Ty decydujesz, jakiego rodzaju zdj\u0119cia najbardziej Ci odpowiadaj\u0105. Czy b\u0119dzie to sesja glamour, sensual czy akt. Mo\u017ce bardziej w kierunku sesji eleganckiej biznesowej, a mo\u017ce jako aktywna kobieta \u2013 sportowiec?<\/p><\/blockquote>\n<\/figure>\n<h2>Warunki sesji kobiecej<\/h2>\n<ul>\n<li>czas trwania 3h<\/li>\n<li>miejsce studio, dom, plener, apartament, praca, itp.<\/li>\n<li>efekt 10 zdj\u0119\u0107 w formie cyfrowej po retuszu<\/li>\n<li>okres wa\u017cno\u015bci 6 miesi\u0119cy<\/li>\n<li style=\"text-align: left;\">koszty wynajmu studia czy apartamentu nie s\u0105 wliczone w cen\u0119<\/li>\n<li>dojazd na miejsce sesji bezp\u0142atny w granicach \u0141odzi<\/li>\n<\/ul>\n<h2>Zalecenia do sesji kobiecej<\/h2>\n<ul>\n<li>fryzura we w\u0142asnym zakresie<\/li>\n<li>stylizacje we w\u0142asnym zakresie, najlepiej kilka<\/li>\n<li>punktualne przybycie (najlepiej 15 minut przed um\u00f3wion\u0105 godzin\u0105)<\/li>\n<li>informacja i zdj\u0119cie uczestnika sesji co najmniej na tydzie\u0144 przed sesj\u0105<\/li>\n<li>wybranie rodzaju zdj\u0119\u0107, miejsca i om\u00f3wienie przebiegu sesji<\/li>\n<\/ul>\n","protected":false},"excerpt":{"rendered":"<p>Sesja dla pa\u0144<\/p>\n","protected":false},"featured_media":1940,"template":"","meta":{"_monsterinsights_skip_tracking":false,"_monsterinsights_sitenote_active":false,"_monsterinsights_sitenote_note":"","_monsterinsights_sitenote_category":0},"product_brand":[],"product_cat":[87],"product_tag":[],"class_list":{"0":"post-2212","1":"product","2":"type-product","3":"status-publish","4":"has-post-thumbnail","6":"product_cat-sesja-kobieca","7":"entry","9":"first","10":"instock","11":"taxable","12":"shipping-taxable","13":"purchasable","14":"product-type-simple"},"jetpack_sharing_enabled":true,"_links":{"self":[{"href":"https:\/\/www.tankreds.com\/index.php?rest_route=\/wp\/v2\/product\/2212","targetHints":{"allow":["GET"]}}],"collection":[{"href":"https:\/\/www.tankreds.com\/index.php?rest_route=\/wp\/v2\/product"}],"about":[{"href":"https:\/\/www.tankreds.com\/index.php?rest_route=\/wp\/v2\/types\/product"}],"wp:featuredmedia":[{"embeddable":true,"href":"https:\/\/www.tankreds.com\/index.php?rest_route=\/wp\/v2\/media\/1940"}],"wp:attachment":[{"href":"https:\/\/www.tankreds.com\/index.php?rest_route=%2Fwp%2Fv2%2Fmedia&parent=2212"}],"wp:term":[{"taxonomy":"product_brand","embeddable":true,"href":"https:\/\/www.tankreds.com\/index.php?rest_route=%2Fwp%2Fv2%2Fproduct_brand&post=2212"},{"taxonomy":"product_cat","embeddable":true,"href":"https:\/\/www.tankreds.com\/index.php?rest_route=%2Fwp%2Fv2%2Fproduct_cat&post=2212"},{"taxonomy":"product_tag","embeddable":true,"href":"https:\/\/www.tankreds.com\/index.php?rest_route=%2Fwp%2Fv2%2Fproduct_tag&post=2212"}],"curies":[{"name":"wp","href":"https:\/\/api.w.org\/{rel}","templated":true}]}}