{"id":1414,"date":"2022-07-20T13:25:52","date_gmt":"2022-07-20T13:25:52","guid":{"rendered":"https:\/\/www.tankreds.com\/?page_id=1414"},"modified":"2023-01-09T23:03:05","modified_gmt":"2023-01-09T23:03:05","slug":"wizerunkowa","status":"publish","type":"page","link":"https:\/\/www.tankreds.com\/?page_id=1414","title":{"rendered":"Sesja wizerunkowa"},"content":{"rendered":"\n<figure class=\"wp-block-image size-large is-resized\"><a href=\"https:\/\/www.tankreds.com\/wp-content\/uploads\/2022\/07\/igusta-38049.jpg\"><img loading=\"lazy\" decoding=\"async\" src=\"https:\/\/www.tankreds.com\/wp-content\/uploads\/2022\/07\/igusta-38049-730x1024.jpg\" alt=\"\" class=\"wp-image-1344\" width=\"365\" height=\"512\"\/><\/a><figcaption class=\"wp-element-caption\">Sesja wizerunkowa Igi Wyrwa\u0142 dla agencji w UK<\/figcaption><\/figure>\n\n\n\n<p>Przeznaczona dla os\u00f3b, kt\u00f3re potrzebuj\u0105 zdj\u0119\u0107 swojej osoby na stron\u0119 czy do publikacji. Wcze\u015bniej omawiamy  i szczeg\u00f3\u0142owo przygotowujemy scenariusz sesji. Wynik to doskona\u0142e zdj\u0119cia i satysfakcja z wsp\u00f3lnej pracy.<\/p>\n","protected":false},"excerpt":{"rendered":"<p>Przeznaczona dla os\u00f3b, kt\u00f3re potrzebuj\u0105 zdj\u0119\u0107 swojej osoby na stron\u0119 czy do publikacji. Wcze\u015bniej omawiamy i szczeg\u00f3\u0142owo przygotowujemy scenariusz sesji. Wynik to doskona\u0142e zdj\u0119cia i satysfakcja z wsp\u00f3lnej pracy.<\/p>\n","protected":false},"author":1,"featured_media":0,"parent":0,"menu_order":0,"comment_status":"closed","ping_status":"closed","template":"","meta":{"_monsterinsights_skip_tracking":false,"_monsterinsights_sitenote_active":false,"_monsterinsights_sitenote_note":"","_monsterinsights_sitenote_category":0,"footnotes":""},"class_list":["post-1414","page","type-page","status-publish","entry"],"jetpack_sharing_enabled":true,"_links":{"self":[{"href":"https:\/\/www.tankreds.com\/index.php?rest_route=\/wp\/v2\/pages\/1414","targetHints":{"allow":["GET"]}}],"collection":[{"href":"https:\/\/www.tankreds.com\/index.php?rest_route=\/wp\/v2\/pages"}],"about":[{"href":"https:\/\/www.tankreds.com\/index.php?rest_route=\/wp\/v2\/types\/page"}],"author":[{"embeddable":true,"href":"https:\/\/www.tankreds.com\/index.php?rest_route=\/wp\/v2\/users\/1"}],"replies":[{"embeddable":true,"href":"https:\/\/www.tankreds.com\/index.php?rest_route=%2Fwp%2Fv2%2Fcomments&post=1414"}],"version-history":[{"count":3,"href":"https:\/\/www.tankreds.com\/index.php?rest_route=\/wp\/v2\/pages\/1414\/revisions"}],"predecessor-version":[{"id":2198,"href":"https:\/\/www.tankreds.com\/index.php?rest_route=\/wp\/v2\/pages\/1414\/revisions\/2198"}],"wp:attachment":[{"href":"https:\/\/www.tankreds.com\/index.php?rest_route=%2Fwp%2Fv2%2Fmedia&parent=1414"}],"curies":[{"name":"wp","href":"https:\/\/api.w.org\/{rel}","templated":true}]}}